{"id":5112,"date":"2023-08-18T00:45:04","date_gmt":"2023-08-17T21:45:04","guid":{"rendered":"https:\/\/bogazicisu.com\/magaza\/?post_type=product&#038;p=5112"},"modified":"2025-05-24T10:33:16","modified_gmt":"2025-05-24T07:33:16","slug":"mbr-membran-biyoreaktorler-sistemleri","status":"publish","type":"product","link":"https:\/\/bogazicisu.com\/magaza\/urun\/mbr-membran-biyoreaktorler-sistemleri\/","title":{"rendered":"MBR (Membran Biyoreakt\u00f6rler) Sistemleri"},"content":{"rendered":"<p><strong>MEMBRAN B\u0130YOREAKT\u00d6RLER<\/strong><br \/>\nKonteyner i\u00e7i MBR sistemleri, aktif \u00e7amur ve bat\u0131k tip membran filtrasyonunu birle\u015ftirerek, at\u0131k su ar\u0131tma s\u00fcre\u00e7lerini optimize eder. Membran \u00fcniteleri, geleneksel \u00e7\u00f6kertme tanklar\u0131n\u0131n yerine ge\u00e7er. Bu y\u00f6ntemde kat\u0131 maddeler etkili \u015fekilde giderilirken, bakteri ve organik madde ar\u0131t\u0131m\u0131 y\u00fcksek verimle ger\u00e7ekle\u015fir. Bu sistem, d\u00fc\u015f\u00fck alan gereksinimi ve etkili ar\u0131tma avantajlar\u0131 sunar.<\/p>\n<p>MBR i\u015flemi, proje hedeflerine g\u00f6re farkl\u0131 yap\u0131land\u0131rmalarla uygulanabilir. Nitrat ve nitrojen s\u0131n\u0131rlamalar\u0131na g\u00f6re havaland\u0131rma prosesi de\u011fi\u015ftirilebilir. Bo\u011fazi\u00e7i , enerji tasarrufu sa\u011flayan ve t\u0131kanma riski d\u00fc\u015f\u00fck bat\u0131k tip MBR sistemlerini \u00f6nerir. Membran mod\u00fclleri dayan\u0131kl\u0131 malzemelerden yap\u0131l\u0131r ve kompakt tasar\u0131m\u0131 enerji tasarrufu sa\u011flar. Y\u00fcksek kapasite esnekli\u011fi sayesinde geni\u015f uygulama alanlar\u0131na hitap eder.<\/p>\n<p>Konteyner i\u00e7i MBR sistemleri, insan kaynakl\u0131 at\u0131k sular\u0131n, otellerin, end\u00fcstriyel at\u0131ksular\u0131n ve daha bir\u00e7ok alan\u0131n etkili ar\u0131t\u0131m \u00e7\u00f6z\u00fcmlerini sunar. Bo\u011fazi\u00e7i olarak, sizin i\u00e7in tasarlanm\u0131\u015f MBR sistemleri sunmaktan memnuniyet duyar\u0131z.<\/p>\n<p><strong>UYGULAMA ALANLARI<\/strong><br \/>\n\u0130nsani Kaynakl\u0131 (Kentsel) At\u0131k Su,<br \/>\nE\u011fitim kurumlar\u0131 ve sa\u011fl\u0131k hizmeti uygulamalar\u0131,<br \/>\nOtel, i\u015f\u00e7i ve m\u00fclteci kamplar\u0131, parklar ve askeri \u00fcsler,<br \/>\n\u0130n\u015faat kompleksleri (i\u015f yerleri, al\u0131\u015fveri\u015f merkezleri, k\u00fc\u00e7\u00fck ma\u011fazalar),<br \/>\nEnd\u00fcstriyel at\u0131ksu, yiyecek ve i\u00e7ecek end\u00fcstrileri vs.<\/p>\n<p><strong>BO\u011eAZ\u0130\u00c7\u0130 MBR S\u0130STEMLER\u0130<\/strong><br \/>\nTurnkey MBR sistemi<br \/>\nStandart, \u00f6nceden tasar\u0131m\u0131 yap\u0131lm\u0131\u015f paket sistemler<br \/>\nVerimli kompakt dizayn sayesinde tesis i\u00e7in d\u00fc\u015f\u00fck alan ihtiyac\u0131<br \/>\nSa\u011flam, y\u00fcksek kaliteli sistem ve par\u00e7alar\u0131<br \/>\nKolay kapasite artt\u0131r\u0131m\u0131<br \/>\nDe\u015farj standartlar\u0131n\u0131 sa\u011flayan ya da \u00e7ok daha alt\u0131nda kalan sistem \u00fcr\u00fcn suyu de\u011ferleri<\/p>\n<p><strong>MBR S\u0130STEM\u0130N\u0130N AVANTAJLARI<\/strong><br \/>\nSon \u00e7\u00f6keltim tank\u0131 ve \u00fc\u00e7\u00fcnc\u00fcl filtrasyon ad\u0131mlar\u0131 uygulamalar\u0131na ihtiya\u00e7 kalmaz, bu sayede tesis i\u00e7in gerekli alan ihtiyac\u0131 azal\u0131r.<br \/>\nSon \u00e7\u00f6keltim tanklar\u0131ndan farkl\u0131 olarak kat\u0131 madde ar\u0131t\u0131m\u0131n\u0131n kalitesi sistemdeki ask\u0131da kat\u0131 madde konsantrasyonu ve kalitesinden ba\u011f\u0131ms\u0131zd\u0131r.<br \/>\nSistemde iyi \u00e7amur \u00e7\u00f6kme \u00f6zelli\u011fi beklenmedi\u011finden uzaktan kontrol i\u00e7in ugundur.<br \/>\nY\u00fcksek \u00e7amur bekletme ya\u015flar\u0131 ile dizayn yap\u0131ld\u0131\u011f\u0131ndan olu\u015fan \u00e7amur miktar\u0131 daha d\u00fc\u015f\u00fckt\u00fcr.<br \/>\nUF kalitesinde \u00fcr\u00fcn elde edildi\u011finden yeniden kullan\u0131m uygulamalar\u0131 i\u00e7in uygundur, daha y\u00fcksek kalitede su elde etmek i\u00e7in Ters Ozmos besleme suyu olarak kullan\u0131labilir.<\/p>\n","protected":false},"excerpt":{"rendered":"<p><strong>BO\u011eAZ\u0130\u00c7\u0130 MBR S\u0130STEMLER\u0130<\/strong><br \/>\nTurnkey MBR sistemi<br \/>\nStandart, \u00f6nceden tasar\u0131m\u0131 yap\u0131lm\u0131\u015f paket sistemler<br \/>\nVerimli kompakt dizayn sayesinde tesis i\u00e7in d\u00fc\u015f\u00fck alan ihtiyac\u0131<br \/>\nSa\u011flam, y\u00fcksek kaliteli sistem ve par\u00e7alar\u0131<br \/>\nKolay kapasite artt\u0131r\u0131m\u0131<br \/>\nDe\u015farj standartlar\u0131n\u0131 sa\u011flayan ya da \u00e7ok daha alt\u0131nda kalan sistem \u00fcr\u00fcn suyu de\u011ferleri<\/p>\n","protected":false},"featured_media":5113,"comment_status":"open","ping_status":"closed","template":"","meta":{"_themeisle_gutenberg_block_has_review":false},"product_cat":[335],"product_tag":[],"class_list":{"0":"post-5112","1":"product","2":"type-product","3":"status-publish","4":"has-post-thumbnail","6":"product_brand-bogazici","7":"product_cat-mbr-sistemleri","9":"first","10":"instock","11":"taxable","12":"shipping-taxable","13":"product-type-simple","14":"col-xs-6 col-sm-4","15":"col-md-3 col-lg-3","16":"un-4-cols"},"_links":{"self":[{"href":"https:\/\/bogazicisu.com\/magaza\/wp-json\/wp\/v2\/product\/5112","targetHints":{"allow":["GET"]}}],"collection":[{"href":"https:\/\/bogazicisu.com\/magaza\/wp-json\/wp\/v2\/product"}],"about":[{"href":"https:\/\/bogazicisu.com\/magaza\/wp-json\/wp\/v2\/types\/product"}],"replies":[{"embeddable":true,"href":"https:\/\/bogazicisu.com\/magaza\/wp-json\/wp\/v2\/comments?post=5112"}],"wp:featuredmedia":[{"embeddable":true,"href":"https:\/\/bogazicisu.com\/magaza\/wp-json\/wp\/v2\/media\/5113"}],"wp:attachment":[{"href":"https:\/\/bogazicisu.com\/magaza\/wp-json\/wp\/v2\/media?parent=5112"}],"wp:term":[{"taxonomy":"product_cat","embeddable":true,"href":"https:\/\/bogazicisu.com\/magaza\/wp-json\/wp\/v2\/product_cat?post=5112"},{"taxonomy":"product_tag","embeddable":true,"href":"https:\/\/bogazicisu.com\/magaza\/wp-json\/wp\/v2\/product_tag?post=5112"}],"curies":[{"name":"wp","href":"https:\/\/api.w.org\/{rel}","templated":true}]}}