{"id":5021,"date":"2023-08-15T13:16:16","date_gmt":"2023-08-15T10:16:16","guid":{"rendered":"https:\/\/bogazicisu.com\/magaza\/?post_type=product&#038;p=5021"},"modified":"2025-05-26T16:28:09","modified_gmt":"2025-05-26T13:28:09","slug":"konteyner-tipi-mobil-ters-ozmoz-sistemleri","status":"publish","type":"product","link":"https:\/\/bogazicisu.com\/magaza\/urun\/konteyner-tipi-mobil-ters-ozmoz-sistemleri\/","title":{"rendered":"Konteyner Tipi (Mobil) Ters Ozmoz Sistemleri"},"content":{"rendered":"<p>Konteyner tipi ters ozmoz sistemleri, \u00f6zellikle alan k\u0131s\u0131tlamalar\u0131 bulunan i\u015fletmeler i\u00e7in ideal bir \u00e7\u00f6z\u00fcmd\u00fcr. Bu sistemler, ta\u015f\u0131ma kolayl\u0131\u011f\u0131 sa\u011flamas\u0131 ve ek bir yap\u0131 gereksinimi olmamas\u0131 nedeniyle s\u0131kl\u0131kla tercih edilir.<\/p>\n<p>Montaj ve devreye alma s\u00fcre\u00e7lerinin basitli\u011finin yan\u0131 s\u0131ra, i\u015fletme ve bak\u0131m avantajlar\u0131 da sa\u011flar. Konteyner tipi ters ozmoz sistemleri, t\u00fcm ar\u0131tma ekipmanlar\u0131n\u0131n bir konteyner i\u00e7inde montaj\u0131n\u0131n ger\u00e7ekle\u015fti\u011fi, mekanik ve elektriksel tesisat\u0131n tamamland\u0131\u011f\u0131 ve h\u0131zla devreye al\u0131nabilecek sistemlerdir.<\/p>\n<p>Bu mobil sistemler, yaln\u0131zca su giri\u015f-\u00e7\u0131k\u0131\u015f ve at\u0131k hatt\u0131n\u0131n ba\u011flanmas\u0131yla istenilen yere kurulabilir ve gerekti\u011finde s\u00f6k\u00fclerek ba\u015fka bir konuma ta\u015f\u0131nabilir. Ar\u0131tma sistemine ek olarak, \u0131s\u0131 yal\u0131t\u0131m\u0131, klima ve ayd\u0131nlatma tesisat\u0131 gibi ek \u00f6zellikler de sa\u011flan\u0131r.<\/p>\n<p>Konteyner tipi ters ozmoz sistemleri, i\u015fletmelerin ihtiya\u00e7lar\u0131n\u0131 en \u00fcst d\u00fczeyde kar\u015f\u0131lamak \u00fczere tasarlanm\u0131\u015f esnek ve verimli \u00e7\u00f6z\u00fcmler sunar.<\/p>\n","protected":false},"excerpt":{"rendered":"<p><strong>Standart Teknik \u00d6zellikleri<\/strong><br \/>\nMembran k\u0131l\u0131flar\u0131 Paslanmaz veya FRP<br \/>\nMembranlar 4\u2019\u2019 veya 8\u2019\u2019 c\u0327apl\u0131<br \/>\nDikey santrifu\u0308j c\u0327ok kademeli yu\u0308ksek bas\u0131nc\u0327 pompas\u0131<br \/>\n5 Mikron hassasiyetinde kartus\u0327 filtre<br \/>\nAntiskalant dozaj pompas\u0131<br \/>\nAlc\u0327ak ve yu\u0308ksek bas\u0131nc\u0327 borular\u0131: U-PVC\/Zonder, AISI 304 \u2013 316 \u2013 316T paslanmaz c\u0327elik<br \/>\nOtomatik vanalar selonoid\/elektrik aktu\u0308ato\u0308rlu\u0308 vana<br \/>\nAlc\u0327ak ve yu\u0308ksek bas\u0131nc\u0327 switchi<br \/>\nU\u0308ru\u0308n suyu ve at\u0131k debimetreleri<br \/>\nGliserinli manometreler<br \/>\nU\u0308ru\u0308n suyu iletkenlik o\u0308lc\u0327er<br \/>\nOtomatik flush hatt\u0131<br \/>\nRO kontrol panosu<br \/>\n380V\/50Hz\/3ph<\/p>\n","protected":false},"featured_media":5023,"comment_status":"open","ping_status":"closed","template":"","meta":{"_themeisle_gutenberg_block_has_review":false},"product_cat":[326],"product_tag":[],"class_list":{"0":"post-5021","1":"product","2":"type-product","3":"status-publish","4":"has-post-thumbnail","6":"product_brand-bogazici","7":"product_cat-ters-ozmoz-sistemleri","9":"first","10":"instock","11":"taxable","12":"shipping-taxable","13":"product-type-simple","14":"col-xs-6 col-sm-4","15":"col-md-3 col-lg-3","16":"un-4-cols"},"_links":{"self":[{"href":"https:\/\/bogazicisu.com\/magaza\/wp-json\/wp\/v2\/product\/5021","targetHints":{"allow":["GET"]}}],"collection":[{"href":"https:\/\/bogazicisu.com\/magaza\/wp-json\/wp\/v2\/product"}],"about":[{"href":"https:\/\/bogazicisu.com\/magaza\/wp-json\/wp\/v2\/types\/product"}],"replies":[{"embeddable":true,"href":"https:\/\/bogazicisu.com\/magaza\/wp-json\/wp\/v2\/comments?post=5021"}],"wp:featuredmedia":[{"embeddable":true,"href":"https:\/\/bogazicisu.com\/magaza\/wp-json\/wp\/v2\/media\/5023"}],"wp:attachment":[{"href":"https:\/\/bogazicisu.com\/magaza\/wp-json\/wp\/v2\/media?parent=5021"}],"wp:term":[{"taxonomy":"product_cat","embeddable":true,"href":"https:\/\/bogazicisu.com\/magaza\/wp-json\/wp\/v2\/product_cat?post=5021"},{"taxonomy":"product_tag","embeddable":true,"href":"https:\/\/bogazicisu.com\/magaza\/wp-json\/wp\/v2\/product_tag?post=5021"}],"curies":[{"name":"wp","href":"https:\/\/api.w.org\/{rel}","templated":true}]}}