{"id":9,"date":"2022-01-17T13:31:08","date_gmt":"2022-01-17T10:31:08","guid":{"rendered":"https:\/\/bogazicisu.com\/magaza\/hesabim\/"},"modified":"2025-10-31T15:08:13","modified_gmt":"2025-10-31T12:08:13","slug":"hesabim","status":"publish","type":"page","link":"https:\/\/bogazicisu.com\/magaza\/hesabim\/","title":{"rendered":"Hesab\u0131m"},"content":{"rendered":"\n<div class=\"form-tabs-wrapper\">\n  <div class=\"form-tabs\">\n    <button class=\"form-tab-button active\" data-target=\"login-form\">Giri\u015f Yap<\/button>\n    <button class=\"form-tab-button\" data-target=\"register-form\">Kaydol<\/button>\n  <\/div>\n\n  <div id=\"login-form\" class=\"tab-content active\">\n    <div class=\"woocommerce\"><\/div>\n  <\/div>\n\n  <div id=\"register-form\" class=\"tab-content\">\n        \n    <div class=\"woocommerce\">\n        \n        \n        <div class=\"u-columns col2-set\" id=\"customer_login\">\n            <div class=\"u-column1 col-1\" style=\"float:none; width:100%; max-width:450px; margin:0 auto;\">\n                \n                <h2 style=\"text-align:center; margin-bottom:20px;\">Kay\u0131t Ol<\/h2>\n\n                <form method=\"post\" class=\"woocommerce-form woocommerce-form-register register\">\n                    \n                    <input type=\"hidden\" id=\"otp_register_nonce\" name=\"otp_register_nonce\" value=\"6648960335\" \/><input type=\"hidden\" name=\"_wp_http_referer\" value=\"\/magaza\/wp-json\/wp\/v2\/pages\/9\" \/>\n                    <p class=\"woocommerce-form-row woocommerce-form-row--wide form-row form-row-wide\">\n                        <label for=\"otp_username\">Kullan\u0131c\u0131 Ad\u0131 <span class=\"required\">*<\/span><\/label>\n                        <input type=\"text\" class=\"woocommerce-Input woocommerce-Input--text input-text\" name=\"otp_username\" id=\"otp_username\" value=\"\" required \/>\n                    <\/p>\n\n                    <p class=\"woocommerce-form-row woocommerce-form-row--wide form-row form-row-wide\">\n                        <label for=\"otp_email\">E-posta Adresi <span class=\"required\">*<\/span><\/label>\n                        <input type=\"email\" class=\"woocommerce-Input woocommerce-Input--text input-text\" name=\"otp_email\" id=\"otp_email\" value=\"\" required \/>\n                    <\/p>\n\n                    <p class=\"woocommerce-form-row woocommerce-form-row--wide form-row form-row-wide\">\n                        <label for=\"otp_password\">\u015eifre <span class=\"required\">*<\/span><\/label>\n                        <input type=\"password\" class=\"woocommerce-Input woocommerce-Input--text input-text\" name=\"otp_password\" id=\"otp_password\" required \/>\n                    <\/p>\n\n                    <p class=\"woocommerce-form-row form-row\">\n                        <button type=\"submit\" class=\"woocommerce-Button button\" name=\"register\" value=\"Kaydol\" style=\"width:100%;\">Kayd\u0131 Tamamla<\/button>\n                    <\/p>\n\n                <\/form>\n\n            <\/div>\n        <\/div>\n    <\/div>\n    \n  <\/div>\n<\/div>\n\n\n\n<p><\/p>\n\n\n","protected":false},"excerpt":{"rendered":"<p>Giri\u015f Yap Kaydol<\/p>\n","protected":false},"author":1,"featured_media":0,"parent":0,"menu_order":0,"comment_status":"closed","ping_status":"closed","template":"","meta":{"_themeisle_gutenberg_block_has_review":false,"footnotes":""},"class_list":["post-9","page","type-page","status-publish","hentry"],"_links":{"self":[{"href":"https:\/\/bogazicisu.com\/magaza\/wp-json\/wp\/v2\/pages\/9","targetHints":{"allow":["GET"]}}],"collection":[{"href":"https:\/\/bogazicisu.com\/magaza\/wp-json\/wp\/v2\/pages"}],"about":[{"href":"https:\/\/bogazicisu.com\/magaza\/wp-json\/wp\/v2\/types\/page"}],"author":[{"embeddable":true,"href":"https:\/\/bogazicisu.com\/magaza\/wp-json\/wp\/v2\/users\/1"}],"replies":[{"embeddable":true,"href":"https:\/\/bogazicisu.com\/magaza\/wp-json\/wp\/v2\/comments?post=9"}],"version-history":[{"count":0,"href":"https:\/\/bogazicisu.com\/magaza\/wp-json\/wp\/v2\/pages\/9\/revisions"}],"wp:attachment":[{"href":"https:\/\/bogazicisu.com\/magaza\/wp-json\/wp\/v2\/media?parent=9"}],"curies":[{"name":"wp","href":"https:\/\/api.w.org\/{rel}","templated":true}]}}