{"id":2623,"date":"2023-07-14T22:30:35","date_gmt":"2023-07-14T19:30:35","guid":{"rendered":"https:\/\/bogazicisu.com\/endustriyel\/?page_id=2623"},"modified":"2023-08-17T12:18:22","modified_gmt":"2023-08-17T09:18:22","slug":"gri-su-sistemleri","status":"publish","type":"page","link":"https:\/\/bogazicisu.com\/endustriyel\/gri-su-sistemleri\/","title":{"rendered":"Gri Su Sistemleri"},"content":{"rendered":"\t\t<div data-elementor-type=\"wp-page\" data-elementor-id=\"2623\" class=\"elementor elementor-2623\">\n\t\t\t\t\t\t<section class=\"elementor-section elementor-top-section elementor-element elementor-element-5843dbe6 elementor-section-stretched elementor-section-boxed elementor-section-height-default elementor-section-height-default\" data-id=\"5843dbe6\" data-element_type=\"section\" data-settings=\"{&quot;stretch_section&quot;:&quot;section-stretched&quot;,&quot;background_background&quot;:&quot;classic&quot;}\">\n\t\t\t\t\t\t<div class=\"elementor-container elementor-column-gap-extended\">\n\t\t\t\t\t<div class=\"elementor-column elementor-col-50 elementor-top-column elementor-element elementor-element-2c45e49c\" data-id=\"2c45e49c\" data-element_type=\"column\">\n\t\t\t<div class=\"elementor-widget-wrap elementor-element-populated\">\n\t\t\t\t\t\t<div class=\"elementor-element elementor-element-da7e067 elementor-widget elementor-widget-heading\" data-id=\"da7e067\" data-element_type=\"widget\" data-widget_type=\"heading.default\">\n\t\t\t\t<div class=\"elementor-widget-container\">\n\t\t\t\t\t<h2 class=\"elementor-heading-title elementor-size-default\">Gri Su <span class=\"text-theme\">Sistemleri<\/span><\/h2>\t\t\t\t<\/div>\n\t\t\t\t<\/div>\n\t\t\t\t<div class=\"elementor-element elementor-element-2db0524f elementor-widget elementor-widget-text-editor\" data-id=\"2db0524f\" data-element_type=\"widget\" data-widget_type=\"text-editor.default\">\n\t\t\t\t<div class=\"elementor-widget-container\">\n\t\t\t\t\t\t\t\t\t<p>Gri su ar\u0131tma sistemi, ev veya ticari binalardan gelen <strong>kullan\u0131lm\u0131\u015f ancak sa\u011fl\u0131k a\u00e7\u0131s\u0131ndan tehlikeli olmayan suyun,<\/strong> \u00f6zellikle tuvalet, lavabo ve du\u015f gibi alanlardan gelen &#8220;gri su&#8221;nun temizlenmesini ama\u00e7layan bir<strong> ar\u0131tma prosesidir.<\/strong> Gri su, siyah su (klozet at\u0131\u011f\u0131) ile temiz i\u00e7me suyu aras\u0131nda bir noktada bulunan ve baz\u0131 kirleticileri i\u00e7eren su t\u00fcr\u00fcd\u00fcr.<\/p><p><strong>Gri su ar\u0131tma sistemleri,<\/strong> suyun i\u00e7erdi\u011fi organik maddeleri, sabun art\u0131klar\u0131n\u0131 ve hafif kirleticileri uzakla\u015ft\u0131rarak, gri suyu <strong>tekrar kullan\u0131labilir hale getirir.<\/strong> Bu su daha sonra sifon \u00e7ekme, bah\u00e7e sulama veya baz\u0131 end\u00fcstriyel s\u00fcre\u00e7lerde kullan\u0131labilir. Bu sistemler, <strong>su tasarrufu sa\u011flarken<\/strong> ayn\u0131 zamanda kanalizasyon sistemlerine daha az y\u00fck bindirerek \u00e7evresel etkileri azaltmaya yard\u0131mc\u0131 olabilir. Gri su ar\u0131tma sistemleri genellikle filtreleme, sedimentasyon ve biyolojik i\u015flem ad\u0131mlar\u0131n\u0131 i\u00e7erebilir, b\u00f6ylece suyun temiz ve <strong>yeniden kullan\u0131labilir<\/strong> hale getirilmesi sa\u011flan\u0131r.<\/p>\t\t\t\t\t\t\t\t<\/div>\n\t\t\t\t<\/div>\n\t\t\t\t<div class=\"elementor-element elementor-element-1143bf26 elementor-widget elementor-widget-text-editor\" data-id=\"1143bf26\" data-element_type=\"widget\" data-widget_type=\"text-editor.default\">\n\t\t\t\t<div class=\"elementor-widget-container\">\n\t\t\t\t\t\t\t\t\t<ul class=\"list-check\">\n \t<li><i class=\"fas fa-check\"><\/i>Gri Su Ar\u0131tma Sistemleri<\/li>\n \t<li><i class=\"fas fa-check\"><\/i>Ultrafiltrasyon Sistemleri<\/li>\n<\/ul>\t\t\t\t\t\t\t\t<\/div>\n\t\t\t\t<\/div>\n\t\t\t\t<div class=\"elementor-element elementor-element-7130feb2 elementor-widget elementor-widget-button\" data-id=\"7130feb2\" data-element_type=\"widget\" data-widget_type=\"button.default\">\n\t\t\t\t<div class=\"elementor-widget-container\">\n\t\t\t\t\t\t\t\t\t<div class=\"elementor-button-wrapper\">\n\t\t\t\t\t<a class=\"elementor-button elementor-button-link elementor-size-md\" href=\"https:\/\/api.whatsapp.com\/send?phone=905525022022\">\n\t\t\t\t\t\t<span class=\"elementor-button-content-wrapper\">\n\t\t\t\t\t\t\t\t\t<span class=\"elementor-button-text\">Teklif \u0130ste<\/span>\n\t\t\t\t\t<\/span>\n\t\t\t\t\t<\/a>\n\t\t\t\t<\/div>\n\t\t\t\t\t\t\t\t<\/div>\n\t\t\t\t<\/div>\n\t\t\t\t\t<\/div>\n\t\t<\/div>\n\t\t\t\t<div class=\"elementor-column elementor-col-50 elementor-top-column elementor-element elementor-element-16224dbb\" data-id=\"16224dbb\" data-element_type=\"column\" data-settings=\"{&quot;background_background&quot;:&quot;classic&quot;}\">\n\t\t\t<div class=\"elementor-widget-wrap elementor-element-populated\">\n\t\t\t\t\t\t<div class=\"elementor-element elementor-element-1f7208a4 elementor-widget elementor-widget-image\" data-id=\"1f7208a4\" data-element_type=\"widget\" data-widget_type=\"image.default\">\n\t\t\t\t<div class=\"elementor-widget-container\">\n\t\t\t\t\t\t\t\t\t\t\t\t\t\t\t<img fetchpriority=\"high\" decoding=\"async\" width=\"660\" height=\"440\" src=\"https:\/\/bogazicisu.com\/endustriyel\/wp-content\/uploads\/2023\/08\/gri-su-aritma-sistemleri-1-min-1024x683.jpg\" class=\"attachment-large size-large wp-image-3205\" alt=\"\" srcset=\"https:\/\/bogazicisu.com\/endustriyel\/wp-content\/uploads\/2023\/08\/gri-su-aritma-sistemleri-1-min-1024x683.jpg 1024w, https:\/\/bogazicisu.com\/endustriyel\/wp-content\/uploads\/2023\/08\/gri-su-aritma-sistemleri-1-min-300x200.jpg 300w, https:\/\/bogazicisu.com\/endustriyel\/wp-content\/uploads\/2023\/08\/gri-su-aritma-sistemleri-1-min-768x512.jpg 768w, https:\/\/bogazicisu.com\/endustriyel\/wp-content\/uploads\/2023\/08\/gri-su-aritma-sistemleri-1-min.jpg 1200w\" sizes=\"(max-width: 660px) 100vw, 660px\" \/>\t\t\t\t\t\t\t\t\t\t\t\t\t\t\t<\/div>\n\t\t\t\t<\/div>\n\t\t\t\t\t<\/div>\n\t\t<\/div>\n\t\t\t\t\t<\/div>\n\t\t<\/section>\n\t\t\t\t<section class=\"elementor-section elementor-top-section elementor-element elementor-element-5e945e5e elementor-section-boxed elementor-section-height-default elementor-section-height-default\" data-id=\"5e945e5e\" data-element_type=\"section\">\n\t\t\t\t\t\t<div class=\"elementor-container elementor-column-gap-default\">\n\t\t\t\t\t<div class=\"elementor-column elementor-col-100 elementor-top-column elementor-element elementor-element-cbabb73\" data-id=\"cbabb73\" data-element_type=\"column\">\n\t\t\t<div class=\"elementor-widget-wrap elementor-element-populated\">\n\t\t\t\t\t\t<div class=\"elementor-element elementor-element-61c02e53 elementor-widget elementor-widget-heading\" data-id=\"61c02e53\" data-element_type=\"widget\" data-widget_type=\"heading.default\">\n\t\t\t\t<div class=\"elementor-widget-container\">\n\t\t\t\t\t<h2 class=\"elementor-heading-title elementor-size-default\">Gri Su Sistemleri\u200b<\/h2>\t\t\t\t<\/div>\n\t\t\t\t<\/div>\n\t\t\t\t<div class=\"elementor-element elementor-element-566ba22 elementor-widget elementor-widget-text-editor\" data-id=\"566ba22\" data-element_type=\"widget\" data-widget_type=\"text-editor.default\">\n\t\t\t\t<div class=\"elementor-widget-container\">\n\t\t\t\t\t\t\t\t\t<p>End\u00fcstriyel su alan\u0131nda m\u00fc\u015fterilerimizin t\u00fcm ihtiya\u00e7lar\u0131n\u0131 kar\u015f\u0131layacak hizmetlerimiz sizlerle.<\/p>\t\t\t\t\t\t\t\t<\/div>\n\t\t\t\t<\/div>\n\t\t\t\t\t<\/div>\n\t\t<\/div>\n\t\t\t\t\t<\/div>\n\t\t<\/section>\n\t\t\t\t<section class=\"elementor-section elementor-top-section elementor-element elementor-element-6c7069ca elementor-section-stretched elementor-section-boxed elementor-section-height-default elementor-section-height-default\" data-id=\"6c7069ca\" data-element_type=\"section\" data-settings=\"{&quot;stretch_section&quot;:&quot;section-stretched&quot;,&quot;background_background&quot;:&quot;classic&quot;}\">\n\t\t\t\t\t\t<div class=\"elementor-container elementor-column-gap-extended\">\n\t\t\t\t\t<div class=\"elementor-column elementor-col-25 elementor-top-column elementor-element elementor-element-a0f1569\" data-id=\"a0f1569\" data-element_type=\"column\">\n\t\t\t<div class=\"elementor-widget-wrap\">\n\t\t\t\t\t\t\t<\/div>\n\t\t<\/div>\n\t\t\t\t<div class=\"elementor-column elementor-col-25 elementor-top-column elementor-element elementor-element-22538628\" data-id=\"22538628\" data-element_type=\"column\">\n\t\t\t<div class=\"elementor-widget-wrap elementor-element-populated\">\n\t\t\t\t\t\t<div class=\"elementor-element elementor-element-275e12a4 elementor-widget elementor-widget-image\" data-id=\"275e12a4\" data-element_type=\"widget\" data-settings=\"{&quot;_animation&quot;:&quot;none&quot;}\" data-widget_type=\"image.default\">\n\t\t\t\t<div class=\"elementor-widget-container\">\n\t\t\t\t\t\t\t\t\t\t\t\t\t\t\t\t<a href=\"https:\/\/bogazicisu.com\/magaza\/urun\/gri-su-aritma-sistemleri\/\">\n\t\t\t\t\t\t\t<img decoding=\"async\" width=\"660\" height=\"440\" src=\"https:\/\/bogazicisu.com\/endustriyel\/wp-content\/uploads\/2023\/08\/gri-su-aritma-sistemleri-1-min-1-1024x683.jpg\" class=\"elementor-animation-shrink attachment-large size-large wp-image-3206\" alt=\"\" srcset=\"https:\/\/bogazicisu.com\/endustriyel\/wp-content\/uploads\/2023\/08\/gri-su-aritma-sistemleri-1-min-1-1024x683.jpg 1024w, https:\/\/bogazicisu.com\/endustriyel\/wp-content\/uploads\/2023\/08\/gri-su-aritma-sistemleri-1-min-1-300x200.jpg 300w, https:\/\/bogazicisu.com\/endustriyel\/wp-content\/uploads\/2023\/08\/gri-su-aritma-sistemleri-1-min-1-768x512.jpg 768w, https:\/\/bogazicisu.com\/endustriyel\/wp-content\/uploads\/2023\/08\/gri-su-aritma-sistemleri-1-min-1.jpg 1200w\" sizes=\"(max-width: 660px) 100vw, 660px\" \/>\t\t\t\t\t\t\t\t<\/a>\n\t\t\t\t\t\t\t\t\t\t\t\t\t\t\t<\/div>\n\t\t\t\t<\/div>\n\t\t\t\t<div class=\"elementor-element elementor-element-6ac2c6fc elementor-widget elementor-widget-heading\" data-id=\"6ac2c6fc\" data-element_type=\"widget\" data-widget_type=\"heading.default\">\n\t\t\t\t<div class=\"elementor-widget-container\">\n\t\t\t\t\t<h2 class=\"elementor-heading-title elementor-size-default\"><a href=\"https:\/\/bogazicisu.com\/magaza\/urun\/gri-su-aritma-sistemleri\/\">Gri Su Ar\u0131tma Sistemleri<\/a><\/h2>\t\t\t\t<\/div>\n\t\t\t\t<\/div>\n\t\t\t\t\t<\/div>\n\t\t<\/div>\n\t\t\t\t<div class=\"elementor-column elementor-col-25 elementor-top-column elementor-element elementor-element-68c5503a\" data-id=\"68c5503a\" data-element_type=\"column\">\n\t\t\t<div class=\"elementor-widget-wrap elementor-element-populated\">\n\t\t\t\t\t\t<div class=\"elementor-element elementor-element-4174357a elementor-widget elementor-widget-image\" data-id=\"4174357a\" data-element_type=\"widget\" data-widget_type=\"image.default\">\n\t\t\t\t<div class=\"elementor-widget-container\">\n\t\t\t\t\t\t\t\t\t\t\t\t\t\t\t\t<a href=\"https:\/\/bogazicisu.com\/magaza\/urun\/ultrafiltrasyon-sistemleri\/\">\n\t\t\t\t\t\t\t<img decoding=\"async\" width=\"660\" height=\"440\" src=\"https:\/\/bogazicisu.com\/endustriyel\/wp-content\/uploads\/2023\/08\/ultrafiltrasyon_sistemleri2-min-1024x683.jpg\" class=\"elementor-animation-shrink attachment-large size-large wp-image-3075\" alt=\"\" srcset=\"https:\/\/bogazicisu.com\/endustriyel\/wp-content\/uploads\/2023\/08\/ultrafiltrasyon_sistemleri2-min-1024x683.jpg 1024w, https:\/\/bogazicisu.com\/endustriyel\/wp-content\/uploads\/2023\/08\/ultrafiltrasyon_sistemleri2-min-300x200.jpg 300w, https:\/\/bogazicisu.com\/endustriyel\/wp-content\/uploads\/2023\/08\/ultrafiltrasyon_sistemleri2-min-768x512.jpg 768w, https:\/\/bogazicisu.com\/endustriyel\/wp-content\/uploads\/2023\/08\/ultrafiltrasyon_sistemleri2-min.jpg 1200w\" sizes=\"(max-width: 660px) 100vw, 660px\" \/>\t\t\t\t\t\t\t\t<\/a>\n\t\t\t\t\t\t\t\t\t\t\t\t\t\t\t<\/div>\n\t\t\t\t<\/div>\n\t\t\t\t<div class=\"elementor-element elementor-element-a762fa6 elementor-widget elementor-widget-heading\" data-id=\"a762fa6\" data-element_type=\"widget\" data-widget_type=\"heading.default\">\n\t\t\t\t<div class=\"elementor-widget-container\">\n\t\t\t\t\t<h2 class=\"elementor-heading-title elementor-size-default\"><a href=\"https:\/\/bogazicisu.com\/magaza\/urun\/ultrafiltrasyon-sistemleri\/\">Ultrafiltrasyon Sistemleri<\/a><\/h2>\t\t\t\t<\/div>\n\t\t\t\t<\/div>\n\t\t\t\t\t<\/div>\n\t\t<\/div>\n\t\t\t\t<div class=\"elementor-column elementor-col-25 elementor-top-column elementor-element elementor-element-331e6095\" data-id=\"331e6095\" data-element_type=\"column\">\n\t\t\t<div class=\"elementor-widget-wrap\">\n\t\t\t\t\t\t\t<\/div>\n\t\t<\/div>\n\t\t\t\t\t<\/div>\n\t\t<\/section>\n\t\t\t\t<section class=\"elementor-section elementor-top-section elementor-element elementor-element-49ea26de elementor-section-stretched elementor-section-boxed elementor-section-height-default elementor-section-height-default\" data-id=\"49ea26de\" data-element_type=\"section\" data-settings=\"{&quot;stretch_section&quot;:&quot;section-stretched&quot;,&quot;background_background&quot;:&quot;classic&quot;}\">\n\t\t\t\t\t\t<div class=\"elementor-container elementor-column-gap-extended\">\n\t\t\t\t\t<div class=\"elementor-column elementor-col-100 elementor-top-column elementor-element elementor-element-33c3c892\" data-id=\"33c3c892\" data-element_type=\"column\">\n\t\t\t<div class=\"elementor-widget-wrap elementor-element-populated\">\n\t\t\t\t\t\t<div class=\"elementor-element elementor-element-64e44cb2 elementor-widget elementor-widget-heading\" data-id=\"64e44cb2\" data-element_type=\"widget\" data-widget_type=\"heading.default\">\n\t\t\t\t<div class=\"elementor-widget-container\">\n\t\t\t\t\t<h2 class=\"elementor-heading-title elementor-size-default\">S\u0131k\u00e7a Sorulan <span class=\"text-theme\">Sorular<\/span><\/h2>\t\t\t\t<\/div>\n\t\t\t\t<\/div>\n\t\t\t\t<div class=\"elementor-element elementor-element-22438e5d elementor-widget__width-initial elementor-widget elementor-widget-text-editor\" data-id=\"22438e5d\" data-element_type=\"widget\" data-widget_type=\"text-editor.default\">\n\t\t\t\t<div class=\"elementor-widget-container\">\n\t\t\t\t\t\t\t\t\t<p>Sistemlerimiz ile ilgili spesifik olarak en \u00e7ok merak edilenlere yer verdik.<\/p>\t\t\t\t\t\t\t\t<\/div>\n\t\t\t\t<\/div>\n\t\t\t\t\t<\/div>\n\t\t<\/div>\n\t\t\t\t\t<\/div>\n\t\t<\/section>\n\t\t\t\t<section class=\"elementor-section elementor-top-section elementor-element elementor-element-50aa656a elementor-section-stretched elementor-section-boxed elementor-section-height-default elementor-section-height-default\" data-id=\"50aa656a\" data-element_type=\"section\" data-settings=\"{&quot;stretch_section&quot;:&quot;section-stretched&quot;,&quot;background_background&quot;:&quot;classic&quot;}\">\n\t\t\t\t\t\t<div class=\"elementor-container elementor-column-gap-extended\">\n\t\t\t\t\t<div class=\"elementor-column elementor-col-100 elementor-top-column elementor-element elementor-element-22b63d61\" data-id=\"22b63d61\" data-element_type=\"column\">\n\t\t\t<div class=\"elementor-widget-wrap elementor-element-populated\">\n\t\t\t\t\t\t<div class=\"elementor-element elementor-element-4acc681 elementor-widget elementor-widget-accordion\" data-id=\"4acc681\" data-element_type=\"widget\" data-widget_type=\"accordion.default\">\n\t\t\t\t<div class=\"elementor-widget-container\">\n\t\t\t\t\t\t\t<div class=\"elementor-accordion\">\n\t\t\t\t\t\t\t<div class=\"elementor-accordion-item\">\n\t\t\t\t\t<div id=\"elementor-tab-title-7841\" class=\"elementor-tab-title\" data-tab=\"1\" role=\"button\" aria-controls=\"elementor-tab-content-7841\" aria-expanded=\"false\">\n\t\t\t\t\t\t\t\t\t\t\t\t\t<span class=\"elementor-accordion-icon elementor-accordion-icon-right\" aria-hidden=\"true\">\n\t\t\t\t\t\t\t\t\t\t\t\t\t\t\t<span class=\"elementor-accordion-icon-closed\"><i class=\"fas fa-plus\"><\/i><\/span>\n\t\t\t\t\t\t\t\t<span class=\"elementor-accordion-icon-opened\"><i class=\"fas fa-minus\"><\/i><\/span>\n\t\t\t\t\t\t\t\t\t\t\t\t\t\t<\/span>\n\t\t\t\t\t\t\t\t\t\t\t\t<a class=\"elementor-accordion-title\" tabindex=\"0\">Sistem haz\u0131rlanmas\u0131 ne kadar s\u00fcr\u00fcyor?<\/a>\n\t\t\t\t\t<\/div>\n\t\t\t\t\t<div id=\"elementor-tab-content-7841\" class=\"elementor-tab-content elementor-clearfix\" data-tab=\"1\" role=\"region\" aria-labelledby=\"elementor-tab-title-7841\">Sistem haz\u0131rlama s\u00fcresi, proje b\u00fcy\u00fckl\u00fc\u011f\u00fc ve karma\u015f\u0131kl\u0131\u011f\u0131na ba\u011fl\u0131 olarak de\u011fi\u015fiklik g\u00f6sterir. Genellikle, standart sistemler i\u00e7in haz\u0131rl\u0131k a\u015famas\u0131 birka\u00e7 hafta s\u00fcrebilirken, \u00f6zelle\u015ftirilmi\u015f projeler i\u00e7in daha uzun bir s\u00fcre gerekebilir. Uzman ekibimiz, h\u0131zl\u0131 ve etkili bir \u015fekilde haz\u0131rl\u0131k s\u00fcrecini tamamlamaya odaklan\u0131r.<\/div>\n\t\t\t\t<\/div>\n\t\t\t\t\t\t\t<div class=\"elementor-accordion-item\">\n\t\t\t\t\t<div id=\"elementor-tab-title-7842\" class=\"elementor-tab-title\" data-tab=\"2\" role=\"button\" aria-controls=\"elementor-tab-content-7842\" aria-expanded=\"false\">\n\t\t\t\t\t\t\t\t\t\t\t\t\t<span class=\"elementor-accordion-icon elementor-accordion-icon-right\" aria-hidden=\"true\">\n\t\t\t\t\t\t\t\t\t\t\t\t\t\t\t<span class=\"elementor-accordion-icon-closed\"><i class=\"fas fa-plus\"><\/i><\/span>\n\t\t\t\t\t\t\t\t<span class=\"elementor-accordion-icon-opened\"><i class=\"fas fa-minus\"><\/i><\/span>\n\t\t\t\t\t\t\t\t\t\t\t\t\t\t<\/span>\n\t\t\t\t\t\t\t\t\t\t\t\t<a class=\"elementor-accordion-title\" tabindex=\"0\">Ar-Ge Hizmeti veriyor musunuz?<\/a>\n\t\t\t\t\t<\/div>\n\t\t\t\t\t<div id=\"elementor-tab-content-7842\" class=\"elementor-tab-content elementor-clearfix\" data-tab=\"2\" role=\"region\" aria-labelledby=\"elementor-tab-title-7842\">Evet, m\u00fc\u015fteri ihtiya\u00e7lar\u0131na uygun \u00e7\u00f6z\u00fcmler sunabilmek i\u00e7in s\u00fcrekli Ar-Ge \u00e7al\u0131\u015fmalar\u0131na \u00f6nem veriyoruz. Teknolojik geli\u015fmeleri takip ederek, yenilik\u00e7i ve \u00e7evre dostu su ar\u0131tma sistemleri geli\u015ftiriyoruz ve m\u00fc\u015fterilerimize en g\u00fcncel \u00e7\u00f6z\u00fcmleri sunuyoruz.<\/div>\n\t\t\t\t<\/div>\n\t\t\t\t\t\t\t\t<\/div>\n\t\t\t\t\t\t<\/div>\n\t\t\t\t<\/div>\n\t\t\t\t\t<\/div>\n\t\t<\/div>\n\t\t\t\t\t<\/div>\n\t\t<\/section>\n\t\t\t\t<\/div>\n\t\t","protected":false},"excerpt":{"rendered":"<p>Gri Su Sistemleri Gri su ar\u0131tma sistemi, ev veya ticari binalardan gelen kullan\u0131lm\u0131\u015f ancak sa\u011fl\u0131k a\u00e7\u0131s\u0131ndan tehlikeli olmayan suyun, \u00f6zellikle tuvalet, lavabo ve du\u015f gibi alanlardan gelen &#8220;gri su&#8221;nun temizlenmesini ama\u00e7layan bir ar\u0131tma prosesidir. Gri su, siyah su (klozet at\u0131\u011f\u0131) ile temiz i\u00e7me suyu aras\u0131nda bir noktada bulunan ve baz\u0131 kirleticileri i\u00e7eren su t\u00fcr\u00fcd\u00fcr. Gri [&hellip;]<\/p>\n","protected":false},"author":1,"featured_media":0,"parent":0,"menu_order":0,"comment_status":"closed","ping_status":"closed","template":"","meta":{"inline_featured_image":false,"footnotes":""},"class_list":["post-2623","page","type-page","status-publish","hentry"],"aioseo_notices":[],"_links":{"self":[{"href":"https:\/\/bogazicisu.com\/endustriyel\/wp-json\/wp\/v2\/pages\/2623","targetHints":{"allow":["GET"]}}],"collection":[{"href":"https:\/\/bogazicisu.com\/endustriyel\/wp-json\/wp\/v2\/pages"}],"about":[{"href":"https:\/\/bogazicisu.com\/endustriyel\/wp-json\/wp\/v2\/types\/page"}],"author":[{"embeddable":true,"href":"https:\/\/bogazicisu.com\/endustriyel\/wp-json\/wp\/v2\/users\/1"}],"replies":[{"embeddable":true,"href":"https:\/\/bogazicisu.com\/endustriyel\/wp-json\/wp\/v2\/comments?post=2623"}],"version-history":[{"count":10,"href":"https:\/\/bogazicisu.com\/endustriyel\/wp-json\/wp\/v2\/pages\/2623\/revisions"}],"predecessor-version":[{"id":3210,"href":"https:\/\/bogazicisu.com\/endustriyel\/wp-json\/wp\/v2\/pages\/2623\/revisions\/3210"}],"wp:attachment":[{"href":"https:\/\/bogazicisu.com\/endustriyel\/wp-json\/wp\/v2\/media?parent=2623"}],"curies":[{"name":"wp","href":"https:\/\/api.w.org\/{rel}","templated":true}]}}